{"id":98,"date":"2025-03-13T19:54:39","date_gmt":"2025-03-13T19:54:39","guid":{"rendered":"https:\/\/aculvila.fi\/site\/?page_id=98"},"modified":"2026-03-11T08:07:55","modified_gmt":"2026-03-11T08:07:55","slug":"ryhmille","status":"publish","type":"page","link":"https:\/\/aculvila.fi\/site\/index.php\/ryhmille\/","title":{"rendered":"Ryhmille"},"content":{"rendered":"\n<p class=\"has-xx-large-font-size\"><strong>Ryhmille<\/strong><\/p>\n\n\n\n<figure class=\"wp-block-image size-large is-resized\"><img loading=\"lazy\" decoding=\"async\" width=\"1024\" height=\"285\" src=\"https:\/\/aculvila.fi\/site\/wp-content\/uploads\/2026\/03\/Ryhmat-1024x285.jpg\" alt=\"\" class=\"wp-image-823\" style=\"width:1170px;height:auto\" srcset=\"https:\/\/aculvila.fi\/site\/wp-content\/uploads\/2026\/03\/Ryhmat-1024x285.jpg 1024w, https:\/\/aculvila.fi\/site\/wp-content\/uploads\/2026\/03\/Ryhmat-300x83.jpg 300w, https:\/\/aculvila.fi\/site\/wp-content\/uploads\/2026\/03\/Ryhmat-768x213.jpg 768w, https:\/\/aculvila.fi\/site\/wp-content\/uploads\/2026\/03\/Ryhmat-1536x427.jpg 1536w, https:\/\/aculvila.fi\/site\/wp-content\/uploads\/2026\/03\/Ryhmat.jpg 1612w\" sizes=\"auto, (max-width: 1024px) 100vw, 1024px\" \/><\/figure>\n\n\n\n<p>J\u00e4rjest\u00e4mme kaveriporukuille, harrastekerhoille sek\u00e4 yritysten TYKY\/TYHY-ryhmille kullekin sopivia ja haluttaessa r\u00e4\u00e4t\u00e4l\u00f6ityj\u00e4 ammutuksia. Tarvittaessa saamme ammutukset onnistumaan my\u00f6s muualla kuin seuran omilla radoilla (kes\u00e4p\u00e4iv\u00e4t, messut, asiakasp\u00e4iv\u00e4t yms.).  Lis\u00e4tietoa s\u00e4hk\u00f6postitse osoitteesta <a href=\"mailto:archeryclubulvila@gmail.com\">archeryclubulvila@gmail.com<\/a> tai puhelimitse numerosta 040-535 8850 (Aki Valtonen).<\/p>\n\n\n\n<p>Ryhmien ammutukset ovat seuralle erinomainen mahdollisuus lis\u00e4t\u00e4 jousiammunnan tunnettuutta l\u00e4hialueella ja siten tarjoaa seuralle hienon mahdollisuuden saada uusia harrastajia lajin pariin.<\/p>\n\n\n\n<p>Ammutuksista saatavilla varoilla yll\u00e4pidet\u00e4\u00e4n\/p\u00e4ivitet\u00e4\u00e4n seuran v\u00e4lineit\u00e4 ja n\u00e4in mahdollistetaan lajin pariin tulevien harrastajien alhaiset aloituskustannukset.<\/p>\n\n\n\n<p>Ammutuksen kesto on noin kaksi tuntia riippuen ryhm\u00e4n koosta ja aikataulusta.<\/p>\n\n\n\n<p><strong>Karkea ohjelma (voidaan muokata tarpeen mukaan):<\/strong><\/p>\n\n\n\n<ul class=\"wp-block-list\">\n<li>Lyhyt tietoisku, seurasta ja jousiammunnasta<\/li>\n\n\n\n<li>Lyhyt opastus ammuntatekniikkaan<\/li>\n\n\n\n<li>Ammuntaa<\/li>\n\n\n\n<li>Leikkimielinen kisa (voidaan r\u00e4\u00e4t\u00e4l\u00f6id\u00e4 ryhm\u00e4n mieltymysten mukaan)<\/li>\n\n\n\n<li>Palkintojen jako<\/li>\n<\/ul>\n\n\n\n<p><strong>Hinnat:<\/strong><\/p>\n\n\n\n<ul class=\"wp-block-list\">\n<li>10 \u20ac\/hl\u00f6 (ryhm\u00e4koko suositus Max 12 hl\u00f6\u00e4)<\/li>\n\n\n\n<li>Minimihinta 60 \u20ac<\/li>\n\n\n\n<li>Yritykset voivat maksun yhteydess\u00e4 tukea seuran nuorisotoimintaa nostamalla \u20ac\/hl\u00f6 hintaa haluamallaan summalla<\/li>\n\n\n\n<li>Muualla tapahtuvan ammutuksen hinta m\u00e4\u00e4r\u00e4ytyy tapauskohtaisesti<\/li>\n<\/ul>\n\n\n\n<p><strong>Huom.<\/strong> mik\u00e4li ampujia on yli 12 hl\u00f6\u00e4, on suositeltavaa jakaa porukka kahteen osaan ja pit\u00e4\u00e4 tarvittaessa per\u00e4kk\u00e4iset, lyhyemm\u00e4t ammutukset. T\u00e4ll\u00f6in kenenk\u00e4\u00e4n odotusaika ei k\u00e4y turhan pitk\u00e4ksi ja kaikki ehtiv\u00e4t ampua riitt\u00e4v\u00e4sti. T\u00e4m\u00e4 kannattaa huomioida erityisesti talvikaudella kun ammunta tapahtuu sis\u00e4radalla. Ryhm\u00e4n odotusaikaan on mahdollista yhdist\u00e4\u00e4 esimerkiksi ruokailu\/kahvitus rakennuksen muissa tiloissa.<\/p>\n\n\n\n<p><strong>Alta voit avata tai ladata ammutuksen mainoksen<\/strong>.<\/p>\n\n\n\n<div class=\"wp-block-file\"><a id=\"wp-block-file--media-d1fba01a-6c8a-4646-8bea-5a17d930d165\" href=\"https:\/\/aculvila.fi\/site\/wp-content\/uploads\/2025\/06\/Ryhmille.jpg\"><img loading=\"lazy\" decoding=\"async\" width=\"150\" height=\"109\" class=\"wp-image-696\" style=\"width: 150px;\" src=\"https:\/\/aculvila.fi\/site\/wp-content\/uploads\/2025\/06\/Ryhmille.jpg\" alt=\"\" srcset=\"https:\/\/aculvila.fi\/site\/wp-content\/uploads\/2025\/06\/Ryhmille.jpg 1303w, https:\/\/aculvila.fi\/site\/wp-content\/uploads\/2025\/06\/Ryhmille-300x218.jpg 300w, https:\/\/aculvila.fi\/site\/wp-content\/uploads\/2025\/06\/Ryhmille-1024x746.jpg 1024w, https:\/\/aculvila.fi\/site\/wp-content\/uploads\/2025\/06\/Ryhmille-768x559.jpg 768w\" sizes=\"auto, (max-width: 150px) 100vw, 150px\" \/><br>Ryhmille<\/a><a href=\"https:\/\/aculvila.fi\/site\/wp-content\/uploads\/2025\/06\/Ryhmille.jpg\" class=\"wp-block-file__button wp-element-button\" download aria-describedby=\"wp-block-file--media-d1fba01a-6c8a-4646-8bea-5a17d930d165\">Lataa<\/a><\/div>\n\n\n\n<p><\/p>\n","protected":false},"excerpt":{"rendered":"<p>Ryhmille J\u00e4rjest\u00e4mme kaveriporukuille, harrastekerhoille sek\u00e4 yritysten TYKY\/TYHY-ryhmille kullekin sopivia ja haluttaessa r\u00e4\u00e4t\u00e4l\u00f6ityj\u00e4 ammutuksia. Tarvittaessa saamme ammutukset onnistumaan my\u00f6s muualla kuin seuran omilla radoilla (kes\u00e4p\u00e4iv\u00e4t, messut, asiakasp\u00e4iv\u00e4t yms.). Lis\u00e4tietoa s\u00e4hk\u00f6postitse osoitteesta archeryclubulvila@gmail.com tai puhelimitse numerosta 040-535 8850 (Aki Valtonen). Ryhmien ammutukset ovat seuralle erinomainen mahdollisuus lis\u00e4t\u00e4 jousiammunnan tunnettuutta l\u00e4hialueella ja siten tarjoaa seuralle hienon mahdollisuuden saada [&hellip;]<\/p>\n","protected":false},"author":2,"featured_media":0,"parent":0,"menu_order":0,"comment_status":"closed","ping_status":"closed","template":"","meta":{"footnotes":""},"class_list":["post-98","page","type-page","status-publish","hentry"],"_links":{"self":[{"href":"https:\/\/aculvila.fi\/site\/index.php\/wp-json\/wp\/v2\/pages\/98","targetHints":{"allow":["GET"]}}],"collection":[{"href":"https:\/\/aculvila.fi\/site\/index.php\/wp-json\/wp\/v2\/pages"}],"about":[{"href":"https:\/\/aculvila.fi\/site\/index.php\/wp-json\/wp\/v2\/types\/page"}],"author":[{"embeddable":true,"href":"https:\/\/aculvila.fi\/site\/index.php\/wp-json\/wp\/v2\/users\/2"}],"replies":[{"embeddable":true,"href":"https:\/\/aculvila.fi\/site\/index.php\/wp-json\/wp\/v2\/comments?post=98"}],"version-history":[{"count":48,"href":"https:\/\/aculvila.fi\/site\/index.php\/wp-json\/wp\/v2\/pages\/98\/revisions"}],"predecessor-version":[{"id":825,"href":"https:\/\/aculvila.fi\/site\/index.php\/wp-json\/wp\/v2\/pages\/98\/revisions\/825"}],"wp:attachment":[{"href":"https:\/\/aculvila.fi\/site\/index.php\/wp-json\/wp\/v2\/media?parent=98"}],"curies":[{"name":"wp","href":"https:\/\/api.w.org\/{rel}","templated":true}]}}