{"id":716,"date":"2025-08-26T12:14:27","date_gmt":"2025-08-26T12:14:27","guid":{"rendered":"https:\/\/aculvila.fi\/site\/?page_id=716"},"modified":"2026-01-28T11:50:45","modified_gmt":"2026-01-28T11:50:45","slug":"hanke","status":"publish","type":"page","link":"https:\/\/aculvila.fi\/site\/index.php\/hanke\/","title":{"rendered":"Hankeet"},"content":{"rendered":"\n<p><\/p>\n\n\n\n<p class=\"has-xx-large-font-size\"><strong>Hanke ACU:n toimintaedellytykset kuntoon&#8221;<\/strong><\/p>\n\n\n\n<p><strong>Leader Karhuseudun my\u00f6nt\u00e4m\u00e4 tuki EU:n maaseuturahastosta<\/strong>, \u201dACU:n toimintaedellytykset kuntoon\u201d -hankkeeseen on mahdollisti uusien jousien hankinnan. Hankkeen avulla hankittiin uusia t\u00e4ht\u00e4injousia sek\u00e4 uusi taljajousi varusteineen. Jousien lis\u00e4ksi my\u00f6s muita, vanhentuneita, varusteita kyettiin p\u00e4ivitt\u00e4m\u00e4\u00e4n.<\/p>\n\n\n\n<p>Hanke mahdollistaa osaltaan uusien harrastajien saamisen lajin pariin sill\u00e4 sill\u00e4 seura pystyy tarjoamaan nykyaikaista v\u00e4lineist\u00f6\u00e4 uusien harrastajien k\u00e4ytt\u00f6\u00f6n harrastuksen alkutaipaleelle. T\u00e4m\u00e4n kohdennetun hankkeen tukiprosentti oli 80 %:a.<\/p>\n\n\n\n<p><\/p>\n\n\n\n<figure class=\"wp-block-image size-large\"><img loading=\"lazy\" decoding=\"async\" width=\"1024\" height=\"577\" src=\"https:\/\/aculvila.fi\/site\/wp-content\/uploads\/2025\/08\/Talkoot-1024x577.jpg\" alt=\"\" class=\"wp-image-718\" srcset=\"https:\/\/aculvila.fi\/site\/wp-content\/uploads\/2025\/08\/Talkoot-1024x577.jpg 1024w, https:\/\/aculvila.fi\/site\/wp-content\/uploads\/2025\/08\/Talkoot-300x169.jpg 300w, https:\/\/aculvila.fi\/site\/wp-content\/uploads\/2025\/08\/Talkoot-768x432.jpg 768w, https:\/\/aculvila.fi\/site\/wp-content\/uploads\/2025\/08\/Talkoot-1536x865.jpg 1536w, https:\/\/aculvila.fi\/site\/wp-content\/uploads\/2025\/08\/Talkoot.jpg 2000w\" sizes=\"auto, (max-width: 1024px) 100vw, 1024px\" \/><\/figure>\n\n\n\n<p>My\u00f6s sis\u00e4radan, loppuun ammuttu kuitulevytausta sek\u00e4 sis\u00e4radan pintoja uusittiin hankkeen tuella. Kuitulevytausta ja pinnat uusittiin talkoovoimin.<\/p>\n\n\n\n<p class=\"has-xx-large-font-size\"><strong>Hanke &#8221;ACU:n toimintaedellytysten lis\u00e4\u00e4minen&#8221;<\/strong><\/p>\n\n\n\n<p>Ensimm\u00e4isen hankkeen j\u00e4lkeen huomattiin nopeasti, ett\u00e4 k\u00e4vij\u00e4m\u00e4\u00e4r\u00e4 alkeiskursseilla ja harjoituksissa l\u00e4hti nopeaan kasvuun. Loppukes\u00e4ll\u00e4 2025 oltiin jo varmoja, ett\u00e4 sis\u00e4ratakapasiteetti on j\u00e4\u00e4m\u00e4ss\u00e4 talven 2026 aikana auttamattomasti pieneksi. Haimme ja saimme toisen hankkeen. Hankkella mahdollistettiin ratakapasiteetin laajentaminen v\u00e4lisein\u00e4n toiselle puolelle jolloin saimme k\u00e4ytt\u00f6\u00f6mme noin 6- 7 ampamapaikkaa lis\u00e4\u00e4. Hanke mahdollisti laajennusosan kunnostuksen ja valaistuksen parantamisen. Lis\u00e4ksi hankittiin lis\u00e4\u00e4 jousikalustoa uusien harrastajien k\u00e4ytt\u00f6\u00f6n sek\u00e4 muuta l\u00e4hes v\u00e4ltt\u00e4m\u00e4t\u00f6nt\u00e4 jousien huoltokalustoa. T\u00e4m\u00e4n hankkeen tukiprosentti oli <br>70 %:a.<\/p>\n\n\n\n<figure class=\"wp-block-image size-full is-resized\"><img loading=\"lazy\" decoding=\"async\" width=\"1539\" height=\"369\" src=\"https:\/\/aculvila.fi\/site\/wp-content\/uploads\/2026\/01\/Screenshot-2026-01-21-074745.jpg\" alt=\"\" class=\"wp-image-810\" style=\"aspect-ratio:4.1709813365442505;width:932px;height:auto\" srcset=\"https:\/\/aculvila.fi\/site\/wp-content\/uploads\/2026\/01\/Screenshot-2026-01-21-074745.jpg 1539w, https:\/\/aculvila.fi\/site\/wp-content\/uploads\/2026\/01\/Screenshot-2026-01-21-074745-300x72.jpg 300w, https:\/\/aculvila.fi\/site\/wp-content\/uploads\/2026\/01\/Screenshot-2026-01-21-074745-1024x246.jpg 1024w, https:\/\/aculvila.fi\/site\/wp-content\/uploads\/2026\/01\/Screenshot-2026-01-21-074745-768x184.jpg 768w, https:\/\/aculvila.fi\/site\/wp-content\/uploads\/2026\/01\/Screenshot-2026-01-21-074745-1536x368.jpg 1536w\" sizes=\"auto, (max-width: 1539px) 100vw, 1539px\" \/><\/figure>\n\n\n\n<p>On ollut hienoa huomata miten hankkeiden toteutus on lis\u00e4nnyt seuran yhteis\u00f6llisyytt\u00e4 sek\u00e4 miten paljon olemme saaneet uusia harrastajia lajin pariin hankkeiden avulla.<\/p>\n\n\n\n<p>Tukien hakemiseen saatiin Leader Karhuseudulta loistavaa opastusta, jonka avulla tukien hakeminen oli melko vaivatonta.<\/p>\n\n\n\n<figure class=\"wp-block-image size-full is-resized\"><img loading=\"lazy\" decoding=\"async\" width=\"1024\" height=\"363\" src=\"https:\/\/aculvila.fi\/site\/wp-content\/uploads\/2025\/08\/Leader_Logo_Ryhmakohtaiset_RGB_Green_Karhuseutu-1.png\" alt=\"\" class=\"wp-image-725\" style=\"width:426px;height:auto\" srcset=\"https:\/\/aculvila.fi\/site\/wp-content\/uploads\/2025\/08\/Leader_Logo_Ryhmakohtaiset_RGB_Green_Karhuseutu-1.png 1024w, https:\/\/aculvila.fi\/site\/wp-content\/uploads\/2025\/08\/Leader_Logo_Ryhmakohtaiset_RGB_Green_Karhuseutu-1-300x106.png 300w, https:\/\/aculvila.fi\/site\/wp-content\/uploads\/2025\/08\/Leader_Logo_Ryhmakohtaiset_RGB_Green_Karhuseutu-1-768x272.png 768w\" sizes=\"auto, (max-width: 1024px) 100vw, 1024px\" \/><\/figure>\n\n\n\n<figure class=\"wp-block-image size-full is-resized\"><img loading=\"lazy\" decoding=\"async\" width=\"1024\" height=\"215\" src=\"https:\/\/aculvila.fi\/site\/wp-content\/uploads\/2025\/08\/FI-Euroopan-unionin-osarahoittama-2-1.jpg\" alt=\"\" class=\"wp-image-726\" style=\"width:380px;height:auto\" srcset=\"https:\/\/aculvila.fi\/site\/wp-content\/uploads\/2025\/08\/FI-Euroopan-unionin-osarahoittama-2-1.jpg 1024w, https:\/\/aculvila.fi\/site\/wp-content\/uploads\/2025\/08\/FI-Euroopan-unionin-osarahoittama-2-1-300x63.jpg 300w, https:\/\/aculvila.fi\/site\/wp-content\/uploads\/2025\/08\/FI-Euroopan-unionin-osarahoittama-2-1-768x161.jpg 768w\" sizes=\"auto, (max-width: 1024px) 100vw, 1024px\" \/><\/figure>\n\n\n\n<p><\/p>\n","protected":false},"excerpt":{"rendered":"<p>Hanke ACU:n toimintaedellytykset kuntoon&#8221; Leader Karhuseudun my\u00f6nt\u00e4m\u00e4 tuki EU:n maaseuturahastosta, \u201dACU:n toimintaedellytykset kuntoon\u201d -hankkeeseen on mahdollisti uusien jousien hankinnan. Hankkeen avulla hankittiin uusia t\u00e4ht\u00e4injousia sek\u00e4 uusi taljajousi varusteineen. Jousien lis\u00e4ksi my\u00f6s muita, vanhentuneita, varusteita kyettiin p\u00e4ivitt\u00e4m\u00e4\u00e4n. Hanke mahdollistaa osaltaan uusien harrastajien saamisen lajin pariin sill\u00e4 sill\u00e4 seura pystyy tarjoamaan nykyaikaista v\u00e4lineist\u00f6\u00e4 uusien harrastajien k\u00e4ytt\u00f6\u00f6n harrastuksen [&hellip;]<\/p>\n","protected":false},"author":2,"featured_media":0,"parent":0,"menu_order":0,"comment_status":"closed","ping_status":"closed","template":"","meta":{"footnotes":""},"class_list":["post-716","page","type-page","status-publish","hentry"],"_links":{"self":[{"href":"https:\/\/aculvila.fi\/site\/index.php\/wp-json\/wp\/v2\/pages\/716","targetHints":{"allow":["GET"]}}],"collection":[{"href":"https:\/\/aculvila.fi\/site\/index.php\/wp-json\/wp\/v2\/pages"}],"about":[{"href":"https:\/\/aculvila.fi\/site\/index.php\/wp-json\/wp\/v2\/types\/page"}],"author":[{"embeddable":true,"href":"https:\/\/aculvila.fi\/site\/index.php\/wp-json\/wp\/v2\/users\/2"}],"replies":[{"embeddable":true,"href":"https:\/\/aculvila.fi\/site\/index.php\/wp-json\/wp\/v2\/comments?post=716"}],"version-history":[{"count":20,"href":"https:\/\/aculvila.fi\/site\/index.php\/wp-json\/wp\/v2\/pages\/716\/revisions"}],"predecessor-version":[{"id":815,"href":"https:\/\/aculvila.fi\/site\/index.php\/wp-json\/wp\/v2\/pages\/716\/revisions\/815"}],"wp:attachment":[{"href":"https:\/\/aculvila.fi\/site\/index.php\/wp-json\/wp\/v2\/media?parent=716"}],"curies":[{"name":"wp","href":"https:\/\/api.w.org\/{rel}","templated":true}]}}