{"id":521,"date":"2025-03-16T14:46:52","date_gmt":"2025-03-16T14:46:52","guid":{"rendered":"https:\/\/aculvila.fi\/site\/?page_id=521"},"modified":"2026-01-05T08:38:57","modified_gmt":"2026-01-05T08:38:57","slug":"harjoituspaivat","status":"publish","type":"page","link":"https:\/\/aculvila.fi\/site\/index.php\/harjoituspaivat\/","title":{"rendered":"Harjoitusajat"},"content":{"rendered":"\n<p><\/p>\n\n\n\n<p class=\"has-xx-large-font-size\"><strong>Harjoitusajat<\/strong><\/p>\n\n\n\n<p>Yleiset harjoitusajat ovat <strong>maanantaisin sek\u00e4 torstaisin klo 17\u201319:30\u00a0<\/strong>jolloin j\u00e4senet, ilman omaa avainta, p\u00e4\u00e4sev\u00e4t harjoittelemaan seuran v\u00e4lineill\u00e4.\u00a0<strong>Arkipyhin\u00e4 ei ole yleisi\u00e4 harjoitusvuoroja.<\/strong><\/p>\n\n\n\n<p><strong>Sis\u00e4kausi<\/strong>&nbsp;alkaa syyskuun aikana ja p\u00e4\u00e4ttyy huhti-toukokuussa.<br><strong>Ulkokausi<\/strong>&nbsp;alkaa toukokuussa ja p\u00e4\u00e4ttyy elo-syyskuun vaihteessa.<\/p>\n\n\n\n<p>Harjoitusten siirtymisest\u00e4<strong>&nbsp;<a href=\"https:\/\/aculvila.fi\/site\/index.php\/tietoa-seurasta\/\">sis\u00e4- ja ulkoradalle<\/a>&nbsp;<\/strong>sek\u00e4 mahdollisista muutoksista harjoitusvuoroihin ilmoitetaan erikseen seuran WhatsApp-ryhm\u00e4ss\u00e4.<\/p>\n\n\n\n<p>J\u00e4senille, joilla on avain, radat ovat k\u00e4ytett\u00e4viss\u00e4 24\/7 mik\u00e4li rataa ei ole varattu esim. ryhmille\/kursseille. Mahdollisista ratavarauksista pyrit\u00e4\u00e4n ilmoittamaan my\u00f6s ratojen ilmoitustaululla.<\/p>\n\n\n\n<p>Lis\u00e4tiedot ja tiedustelut s\u00e4hk\u00f6postitse osoitteesta&nbsp;<a href=\"mailto:archeryclubulvila@gmail.com\">archeryclubulvila@gmail.com<\/a><\/p>\n\n\n\n<p><\/p>\n","protected":false},"excerpt":{"rendered":"<p>Harjoitusajat Yleiset harjoitusajat ovat maanantaisin sek\u00e4 torstaisin klo 17\u201319:30\u00a0jolloin j\u00e4senet, ilman omaa avainta, p\u00e4\u00e4sev\u00e4t harjoittelemaan seuran v\u00e4lineill\u00e4.\u00a0Arkipyhin\u00e4 ei ole yleisi\u00e4 harjoitusvuoroja. Sis\u00e4kausi&nbsp;alkaa syyskuun aikana ja p\u00e4\u00e4ttyy huhti-toukokuussa.Ulkokausi&nbsp;alkaa toukokuussa ja p\u00e4\u00e4ttyy elo-syyskuun vaihteessa. Harjoitusten siirtymisest\u00e4&nbsp;sis\u00e4- ja ulkoradalle&nbsp;sek\u00e4 mahdollisista muutoksista harjoitusvuoroihin ilmoitetaan erikseen seuran WhatsApp-ryhm\u00e4ss\u00e4. J\u00e4senille, joilla on avain, radat ovat k\u00e4ytett\u00e4viss\u00e4 24\/7 mik\u00e4li rataa ei ole [&hellip;]<\/p>\n","protected":false},"author":2,"featured_media":0,"parent":0,"menu_order":0,"comment_status":"closed","ping_status":"closed","template":"","meta":{"footnotes":""},"class_list":["post-521","page","type-page","status-publish","hentry"],"_links":{"self":[{"href":"https:\/\/aculvila.fi\/site\/index.php\/wp-json\/wp\/v2\/pages\/521","targetHints":{"allow":["GET"]}}],"collection":[{"href":"https:\/\/aculvila.fi\/site\/index.php\/wp-json\/wp\/v2\/pages"}],"about":[{"href":"https:\/\/aculvila.fi\/site\/index.php\/wp-json\/wp\/v2\/types\/page"}],"author":[{"embeddable":true,"href":"https:\/\/aculvila.fi\/site\/index.php\/wp-json\/wp\/v2\/users\/2"}],"replies":[{"embeddable":true,"href":"https:\/\/aculvila.fi\/site\/index.php\/wp-json\/wp\/v2\/comments?post=521"}],"version-history":[{"count":20,"href":"https:\/\/aculvila.fi\/site\/index.php\/wp-json\/wp\/v2\/pages\/521\/revisions"}],"predecessor-version":[{"id":783,"href":"https:\/\/aculvila.fi\/site\/index.php\/wp-json\/wp\/v2\/pages\/521\/revisions\/783"}],"wp:attachment":[{"href":"https:\/\/aculvila.fi\/site\/index.php\/wp-json\/wp\/v2\/media?parent=521"}],"curies":[{"name":"wp","href":"https:\/\/api.w.org\/{rel}","templated":true}]}}